p**3 + 47*p**2 - 58*p + 25. Is m(-42) composite?
True
Let w(g) = g**3 + 6*g**2 + 4*g - 1. Suppose -5*r - 50 = -5*j, 5*j = -2*r + 11 + 4. Let k be w(r). Suppose 0 = -2*f + k*f - 818. Is f a composite number?
False
Is -1 - -1 - (-2401 + 68) prime?
True
Suppose -2*p = 3*a + 77, -2*a - 26 = p + 25. Let i = a - -24. Is (468 - 20) + (0 - i) a composite number?
False
Let b be ((-55)/20 - -2)/(1/(-4)). Suppose s + 0*s = 4*z + 1070, -z + 3249 = b*s. Is s a prime number?
False
Let j(a) = a**3 + 5*a**2 + a + 5. Suppose -x + 17 = 22. Let g be j(x). Suppose g = -3*z - 15, -231 = -2*l + 2*z + 861. Is l a composite number?
False
Let y = 17 - 25. Let p be 24/y*(-154)/6. Suppose 2*i + 2*o - 224 = -52, -2*o - p = -i. Is i prime?
True
Suppose 0 = -7*a + 2*a + 2250. Let d be 10164/16 + (-1)/4. Let q = d - a. Is q prime?
False
Suppose c + 3*s + 89769 = 4*c, -5*c - 5*s + 149615 = 0. Is c a composite number?
True
Suppose -y = -3*y. Suppose -i = -y*i + 1. Let s(t) = -205*t. Is s(i) a prime number?
False
Let b = 14 - 18. Is -1657*(-2 - (b + 3)) a prime number?
True
Suppose -3*f + 4*u - 1207 = 0, 0 = 5*f - u - 103 + 2126. Let p = f + 1258. Is p composite?
False
Suppose -2*h = -5*f + 43 - 200, 3*h - 283 = -2*f. Is h - (2 + -2 + 0) prime?
False
Suppose h + 0 = -1. Is (h/2)/(2/(-652)) a composite number?
False
Let k(q) = -152*q - 21. Let x(y) = -101*y - 14. Let o(j) = -5*k(j) + 7*x(j). Let c be o(4). Suppose -196 = -5*t - 4*b + c, 83 = t + 2*b. Is t prime?
True
Let a = -2125 - -3918. Is a prime?
False
Is 853/((-3)/(-6)*6/15) prime?
False
Suppose 5*p + 2*i = 32, 4*p + 3*i = 26 + 1. Suppose 3*w = 0, -p*w = 4*d - w - 1956. Is d a composite number?
True
Let f(b) be the first derivative of -153*b**4/4 - 2*b**3/3 - b**2 - 3*b - 25. Is f(-2) a prime number?
True
Is 18927 - 18 - (6 - -4) prime?
True
Let v(f) = -f**2 + 11*f - 18. Let g be v(6). Suppose -g*r + 9893 = -2575. Is r composite?
False
Suppose 3 = -2*z - 45. Let k = z - -61. Suppose 0 = -s - 0*s + k. Is s a composite number?
False
Let p(i) = 2*i**3 + 2*i**2 - 5*i - 3. Let q be p(-4). Let w = 10 - q. Is w a prime number?
True
Suppose -2*f - f = -12. Let w(o) be the second derivative of o**5/20 - o**4/12 - 5*o**3/6 - o**2 - 22*o. Is w(f) composite?
True
Is (-55890)/(-126) - 8/14 prime?
True
Let d(l) = l**3 + 2*l**2 - 3*l - 2. Let x be d(-3). Let j be 6/(-3) + (x - -4). Is (1 - j)/((-17)/(-2669)) a prime number?
True
Let g = -1417 - -2590. Suppose -g = -l + j - 113, l + 2*j - 1045 = 0. Is l prime?
False
Let p = -9572 + 17919. Is p composite?
True
Let f(v) be the second derivative of -v**5/20 + v**4/6 + v**3/6 + v**2/2 + 7*v. Let g be f(2). Is 858/9 - 1/g a prime number?
False
Suppose -6*u = u - 1421. Is u a composite number?
True
Let l = 32385 + -16822. Is l prime?
False
Let n(d) = d**3 - 5*d**2 - 6*d + 2. Suppose 0 = 4*w - 9 - 15. Let t be n(w). Suppose -3*h - 1247 = -3*g + g, -4*g + 2534 = t*h. Is g composite?
False
Suppose 2*z + 4*j = 18, -5*z - 6*j = -j - 35. Is ((-85714)/(-85))/(2/z) prime?
True
Suppose s - 2 = 3*i + 24, -4*i - 3*s = 39. Let r = -4 - i. Suppose 583 = r*u + 18. Is u a prime number?
True
Let l(h) = -19*h**3 - 2*h**2 - 10*h - 6. Is l(-3) a prime number?
False
Is -1 - 2 - (-7 - 48569)/6 prime?
True
Let k = -31950 + 47855. Is k a composite number?
True
Let b(h) = 5*h - 6 + 22*h**3 - 2*h**2 + 0 - 7*h. Let i be b(-5). Is ((-4)/(-6))/((-8)/i) a composite number?
False
Let m be (2/(-6))/((-21)/(-9) - 2). Is m/(1*1/(-331)) a composite number?
False
Let w = 2214 - -119. Is w composite?
False
Let z(l) = l**3 - 7*l**2 + 4*l + 10. Suppose -3*x + y + 25 = 0, -x - 2 = -2*y - 12. Let f be z(x). Suppose -f + 28 = -3*q. Is q composite?
True
Is ((-12)/(-30))/(291816/(-145910) + 2) a composite number?
False
Suppose -124818 - 108289 = -7*s. Is s composite?
False
Let w(u) = -180*u - 3. Let a be w(-9). Suppose -3*r = -a - 498. Suppose -h + 4*h = r. Is h a composite number?
True
Is 40/24 - ((-287707)/21 + -3) a prime number?
False
Let f(z) = -z**3 + 4*z**2 + z. Let h be f(4). Suppose 2*j - 83 - 1987 = 0. Suppose 821 = h*g - 3*l, 4*g - j = -2*l - 209. Is g prime?
False
Let o be (-145)/(-15) + (-1)/(-3). Suppose 0 = -o*d + 13*d - 12. Suppose -q + 691 = d*t, 0*q + t - 1361 = -2*q. Is q a prime number?
False
Suppose 0 = -4*c + x - 1 + 87, -2*c = 2*x - 38. Let l = c + 56. Is l prime?
False
Suppose 2*k - 3062 + 836 = 0. Let j = k - 706. Is j a composite number?
True
Let q(g) = 54*g**2 - 32*g - 3. Is q(29) a composite number?
False
Let n(r) = 2*r**2 + r - 1. Let m be n(1). Let p(o) = -m*o + 20*o**2 - 1 - 81*o**3 - 20*o**2. Is p(-1) a composite number?
True
Let y = 90 + -90. Suppose y*g + 4*g = z + 2881, 5*z + 1463 = 2*g. Is g composite?
False
Let o(n) = 6*n - 2. Let v be o(1). Let z(r) = -r**3 + 4*r**2 + 2*r - 3. Let d be z(v). Suppose -d*l + 327 = -158. Is l a prime number?
True
Let g = 159 + -154. Suppose 4*x - 190 = g*p + 40, -8 = 4*p. Is x a composite number?
True
Let i(r) = -336*r - 23. Is i(-2) prime?
False
Suppose -30881 = -17*w - 2967. Is w prime?
False
Suppose -3*s - 4*b + 58956 = -7*b, 2*s - 3*b - 39299 = 0. Is s prime?
False
Suppose -2*j - 19 - 10 = 3*k, 0 = -5*k - 25. Let l(b) be the first derivative of -10*b**2 + 9*b - 1. Is l(j) a prime number?
True
Suppose -3*l - 4*q = -21351, 0*l + 5*q - 35590 = -5*l. Is l a prime number?
True
Suppose -3 + 11 = -d. Let v be (-178)/(-8) - 6/d. Let m = v - -28. Is m composite?
True
Suppose 32*z + 49506 = 38*z. Is z composite?
True
Let d(t) = t**3 + 29*t**2 + 29*t - 16. Is d(-9) prime?
False
Let l = -71 + 330. Suppose -j - 4*j = -1850. Let y = j - l. Is y a composite number?
True
Let s(r) = r**2 - 11*r - 11. Let u be s(12). Let k(z) = 4*z. Let x be k(u). Suppose -b - 6*g + x*g + 253 = 0, 2*b + g = 497. Is b composite?
True
Let i be 4/18 + -2 + 122/18. Suppose 5*s = i*m + 1475, -s - 5*m + 576 = s. Is s a composite number?
False
Let i(u) = 8 - 1 - 30*u + 6*u. Let t be i(-7). Let a = -78 + t. Is a a composite number?
False
Suppose 0 = -26*l + 16*l + 65590. Is l a prime number?
False
Let b(s) = -45*s**2 + 145 + 94*s**2 - 48*s**2 - 3*s. Is b(0) prime?
False
Let a(k) = 707*k**2 + 27*k - 7. Is a(-4) prime?
True
Let f be 53 - (0 - (4 + -3)). Let a = 77 - f. Is a composite?
False
Let q = -1773 + 8410. Is q a composite number?
False
Suppose 10 - 2 = -4*o. Let m(q) = -23*q**3 + 2*q**2 - 2*q - 2. Let h be m(o). Is (2 + -1)/2*h prime?
True
Suppose b + 1945 = 4*v, 3*b = 5*v - 9*v + 1957. Is v composite?
False
Suppose 2*h = -0*h - 2. Let z = 1 - h. Is (149/(-3))/(z/(-6)) composite?
False
Suppose -2*g + 6 = 2*d - 4*d, 15 = 5*g. Is (409 - 2) + d/(-2) a composite number?
True
Suppose 0 = 3*w - l - 19, 3*w + 3*l = 3. Suppose 2*c - 3*h = -2*c + 4174, w*c - 5206 = -2*h. Suppose -u = -3*u + c. Is u a composite number?
False
Let z = 5125 - 3348. Is z composite?
False
Suppose -2*o + 180 = -0*o. Let c = -64 + o. Let p = c + -7. Is p prime?
True
Let f = 141 - 143. Is (-1)/8*4 + (-9663)/f a composite number?
False
Let h(g) = 2*g**3 + 11*g - 13. Let p = 25 - 19. Is h(p) a composite number?
True
Suppose 0 = 2*y + 2126 - 156. Let f = y - -2052. Is f a prime number?
False
Let c(n) be the third derivative of -13*n**4 + 5*n**3/3 + 28*n**2. Is c(-9) a prime number?
False
Let g be 78*2*20/(-24). Let r = g - -270. Suppose -4*k - r = -592. Is k a prime number?
True
Suppose -2*d - 20 = 3*d. Is (-42 + d)*-15 - 1 composite?
True
Let j = 142060 - 67221. Is j a composite number?
True
Let p(n) = 2*n**2 + n - 59. Let i be p(22). Suppose -4*w + 3796 = 2*z, -4*z = w + z - i. Is w a composite number?
True
Let h(x) = x**3 + 8*x**2 - 9*x. Let q be h(-9). Suppose 0 = 4*g, 0 = 4*k - q*k + g - 556. Is k a prime number?
True
Let r be (3 - 1*-4) + -2. Let t be 2/r*(-9 - -19). Is t/14 + (-240)/(-42) a composite number?
True
Let b(r) = r**2 - 4*r + 4. Let j be b(3). Let z = j - -3. Suppose z*n - 363 = n. Is n a composite number?
True
Let l(j) = 123*j**2 - 13*j + 25. Is l(9) composite?
False
Suppose -p - 2*p + 12 = 0. Let x = 327 + p. Is x a composite number?
False
Suppose 1 = m + 5*j + 4, 3*m + 3*j = 3. Let c(u) = -30*u**2 - 3*u - 1. Let i be c(-4). Is m*4/((-8)/i) composite?
True
Let n be -6*(9/2 - 4). Let l(i) = 3*i**3 - 2*i**2 + 2*i - 1. Let a(u) = u**3 - 1. Let w(s) = -4*a(s) + l(s). Is w(n) composite?
True
Let i be ((-2)/6)/1 + 53585